{"id":66,"date":"2022-04-06T17:05:22","date_gmt":"2022-04-06T17:05:22","guid":{"rendered":"https:\/\/david26150.fr\/head\/?page_id=66"},"modified":"2022-11-11T19:52:35","modified_gmt":"2022-11-11T19:52:35","slug":"page02-2","status":"publish","type":"page","link":"https:\/\/david26150.fr\/head\/page02-2\/","title":{"rendered":"\u00e0 propos"},"content":{"rendered":"\r\n<p>Les dessins pr\u00e9sent\u00e9s dans ce blog d\u00e9crivent un monde \u00e9trange, un peu inqui\u00e9tant, parfois dr\u00f4le, d\u00e8s fois salace, souvent absurde, influenc\u00e9 par l&rsquo;univers de la SF, celui des monstres mythologiques et des Yoka\u00efs japonais&#8230;. Mais aussi et surtout restent inspir\u00e9s des \u00e9v\u00e9nements quotidiens et du paysage m\u00e9diatique actuel.<br \/><br \/><strong>David26150<\/strong><br \/>est n\u00e9 quelque part dans une zone francophone de la plan\u00e8te Earth en l\u2019an de gr\u00e2ce mil neuf cent soixante treize, ce qui fait qu\u2019on peu le consid\u00e9rer ou bien extraordinairement jeune, ou bien d\u2019un \u00e2ge tragiquement avanc\u00e9, selon vos crit\u00e8res de r\u00e9f\u00e9rences qui ne regardent que vous.<br \/>Apr\u00e8s une enfance laborieuse parce qu\u2019il lui fallait apprendre un tas de trucs et rencontrer un tas de gens et qu\u2019il n\u2019\u00e9tait pas tr\u00e8s dou\u00e9 pour \u00e7a, David fit des \u00e9tudes et obtint par hasard un dipl\u00f4me d&rsquo;inaptitude \u00e0 l&rsquo;insertion professionnelle, avec pr\u00e9dominance graphique .<br \/><br \/>Il fit alors un long s\u00e9jour dans une contr\u00e9e britannique (5 ann\u00e9es) ou il se rendit compte que le ciel y est assez bas&#8230; Puis un autre s\u00e9jour non moins long dans une contr\u00e9e nippone o\u00f9 l\u00e0 \u00e7a allait mieux. C\u2019est dans cette derni\u00e8re qu\u2019il opta pour religion l\u2019agnosticisme shinto\u00efste vaguement schizo\u00efde, et adopta pour compagne et premi\u00e8re ministre domestique une autochtone aux cheveux noirs un peu stricte mais rigolote. <br \/>Apparurent alors dans son foyer 2 piratesses de l\u2019espace lui ressemblant un peu, qu\u2019il tente vaguement d\u2019\u00e9lever selon des pr\u00e9ceptes d\u2019\u00e9ducation changeant au gr\u00e8s des humeurs, des pand\u00e9mies et du bazar ambiant, puis un quadrup\u00e8de un peu zinzin qu&rsquo;il ne cherche plus \u00e0 \u00e9duquer.<br \/><br \/>Souvent constern\u00e9 par l\u2019absence de sens de l\u2019humour de son prochain, il prend l\u2019adage que travailler sans s\u2019amuser \u00e0 rien rend Jack triste Bambin ( <em>\u00ab\u00a0all work and no play makes Jack a dull Boy\u00a0\u00bb<\/em>), et pratique le dessin comme m\u00e9thode d\u2019exploration de l\u2019univers, le non-sens comme sport de combat et la randonn\u00e9e alpine comme moyen de communication avec les forces telluriques de l\u00e0 plan\u00e8te Earth.<br \/><br \/>il habite dans un endroit perdu, mais plut\u00f4t joli, ou il peut librement pratiquer ses hobbies.<br \/><br \/>Pour nourrir sa famille il fait plein de boulots; vendeur d\u2019anti fourmi au pyr\u00e8thre v\u00e9g\u00e9tal (et autres pesticides \u00e0 usage ludique),\u00a0 nettoyeur de chiottes pour le tourisme des sexag\u00e9naires en camping car \u00e0 70000 boules, acheteur de plantes s\u00e8ches pour qu&rsquo;elles se baladent dans des porte-containers \u00e0 travers le monde&#8230;\u00a0 A pr\u00e9sent il est en pourparlers avec pole emploi, fait pousser des tomates et chasse le bouquetin.<\/p>\r\n\r\n\r\n\r\n<p>&nbsp;<\/p>\r\n\r\n\r\n\r\n<p>&nbsp;<\/p>\r\n\r\n\r\n\r\n<p>&nbsp;<\/p>\r\n\r\n\r\n\r\n<p>&nbsp;<\/p>\r\n","protected":false},"excerpt":{"rendered":"<p>Les dessins pr\u00e9sent\u00e9s dans ce blog d\u00e9crivent un monde \u00e9trange, un peu inqui\u00e9tant, parfois dr\u00f4le, d\u00e8s fois salace, souvent absurde, influenc\u00e9 par l&rsquo;univers de la SF, celui des monstres mythologiques et des Yoka\u00efs japonais&#8230;. Mais aussi et surtout restent inspir\u00e9s des \u00e9v\u00e9nements quotidiens et du paysage m\u00e9diatique actuel. David26150est n\u00e9 quelque part dans une zone &hellip; <a href=\"https:\/\/david26150.fr\/head\/page02-2\/\" class=\"more-link\">Continuer la lecture<span class=\"screen-reader-text\"> de &laquo;&nbsp;\u00e0 propos&nbsp;&raquo;<\/span><\/a><\/p>\n","protected":false},"author":1,"featured_media":0,"parent":0,"menu_order":0,"comment_status":"closed","ping_status":"closed","template":"","meta":{"footnotes":""},"class_list":["post-66","page","type-page","status-publish","hentry"],"_links":{"self":[{"href":"https:\/\/david26150.fr\/head\/wp-json\/wp\/v2\/pages\/66","targetHints":{"allow":["GET"]}}],"collection":[{"href":"https:\/\/david26150.fr\/head\/wp-json\/wp\/v2\/pages"}],"about":[{"href":"https:\/\/david26150.fr\/head\/wp-json\/wp\/v2\/types\/page"}],"author":[{"embeddable":true,"href":"https:\/\/david26150.fr\/head\/wp-json\/wp\/v2\/users\/1"}],"replies":[{"embeddable":true,"href":"https:\/\/david26150.fr\/head\/wp-json\/wp\/v2\/comments?post=66"}],"version-history":[{"count":34,"href":"https:\/\/david26150.fr\/head\/wp-json\/wp\/v2\/pages\/66\/revisions"}],"predecessor-version":[{"id":476,"href":"https:\/\/david26150.fr\/head\/wp-json\/wp\/v2\/pages\/66\/revisions\/476"}],"wp:attachment":[{"href":"https:\/\/david26150.fr\/head\/wp-json\/wp\/v2\/media?parent=66"}],"curies":[{"name":"wp","href":"https:\/\/api.w.org\/{rel}","templated":true}]}}